s the units digit of z?
2
Let a = -16 + 21. Let n(r) = r**2 - 4*r. Let g be n(a). Suppose q + 5*w = -2*q + 65, 131 = g*q - 3*w. What is the tens digit of q?
2
Let v(d) be the second derivative of 11*d + 0 - 3/2*d**2 - 5/6*d**3. What is the tens digit of v(-6)?
2
Let q(u) = 4*u**3 - u. Let p be q(1). Suppose -9*x + 90 = -p*x. What is the units digit of x?
5
Suppose w - 18447 = -5*i, 4*i + w + 11065 = 7*i. What is the thousands digit of i?
3
Suppose 2*a - 4*f = 12, -4*a - 5*f - 4 = -a. Suppose -n = -23 - a. What is the tens digit of n?
2
Let m = 2 + 1. Suppose 5*q = d + 174, -2*q = -m*q + d + 38. What is the units digit of q?
4
Let r(g) = -19*g + 1 + 11*g + 9*g. Let v be r(15). What is the units digit of (11*-1)/(v/(-48))?
3
Suppose z - 367 = -0*z. Let s = 565 - z. What is the hundreds digit of s?
1
Let d = -8 + 8. Suppose -c + 34 + 9 = d. What is the tens digit of c?
4
What is the hundreds digit of -5 - 4 - (14 - 1684)?
6
Suppose -5*r = -5*w - 20, 0 = -5*w - r + 2 + 2. Let f(q) be the first derivative of -q**3/3 + 10*q + 19. What is the tens digit of f(w)?
1
Suppose 0 = -4*p + 2 - 22. What is the tens digit of (194/p)/((-10)/25)?
9
Suppose v - 6*m - 28 = -8*m, 2*v - m - 76 = 0. What is the units digit of v?
6
Let w = 1 - 2. Let f be w/(148/(-48) - -3). Let h = -11 + f. What is the units digit of h?
1
Let k = -46 - -39. Let y(j) = j**2 - 10*j - 3. What is the tens digit of y(k)?
1
Suppose 0 = -2*u + 238 + 248. What is the hundreds digit of u?
2
Let q(j) = -6*j + 2. Let r be q(-7). Suppose 3*a = -r + 197. Suppose s + a = 4*s. What is the units digit of s?
7
What is the tens digit of ((-90)/1)/((-7)/196)?
2
Let l(j) = -219*j - 96. What is the units digit of l(-1)?
3
Suppose m = -4*z + 148, -z - 17 - 324 = -2*m. Let l = -41 + m. What is the hundreds digit of l?
1
Suppose -f + z = -1, -f - 4*z - 7 = -9*z. Suppose -f*k - 23 - 31 = 0. Let r = 34 + k. What is the tens digit of r?
1
Suppose 3*m - 453 - 36 = 0. Suppose 225 = 5*c - 4*b, 3*c + 28 = 4*b + m. What is the units digit of c?
5
Suppose -323 - 31 = 3*x. What is the tens digit of 4/8*x/(-1)?
5
Let x be (6/4)/(6/(-1716)). What is the units digit of x/(-9) + ((-55)/15 - -4)?
8
Suppose -13*o - 51408 = -27*o. What is the units digit of o?
2
Suppose -6 = -2*s + 4. Suppose -2 = -a - s. What is the units digit of 1 + 0 - (-6 + a)?
0
Let g = 64 + -38. What is the tens digit of 247/7 - g/91?
3
Let g(v) = -11*v**3 + 17*v**2 + 142*v + 7. What is the hundreds digit of g(-6)?
1
Let k(q) = -25*q + 14. What is the units digit of k(-2)?
4
Suppose -2317 = -5*r - 4*w + w, 0 = 2*w + 2. Suppose -88 = -4*o + r. What is the tens digit of o?
3
Let x be ((-15)/30)/((-1)/(-102)). Let r = 7 - x. What is the units digit of r?
8
Let j(g) = 4*g + 3. Let k be j(-4). Let q be -4 - -2 - (-2 - k). Let s(a) = -a - 5. What is the units digit of s(q)?
8
Let z = -48 + 32. Let w = 29 + z. What is the tens digit of w?
1
What is the tens digit of 11 + (-3)/(-15)*15?
1
Suppose 5*m = 2*m + 9. Suppose -h - h = -2, -3*a + 17 = 5*h. Suppose -a = j - m*j. What is the units digit of j?
2
Suppose 212*b = 229*b - 19856. What is the tens digit of b?
6
Suppose 0 = -c - 10 - 35. Let r = c - -76. What is the tens digit of r?
3
Let l(w) = w**2 - 16*w + 11. Let n be l(13). Let u = n - -29. What is the units digit of u?
1
Suppose 5915 = 5*b + 3*o - 6987, -3*b = -4*o - 7718. What is the units digit of b?
8
Let f(x) = 2*x**3 - 4*x + 2. Let a be f(2). Suppose -3*l + 5*p = -29 - 29, 5*p = -2*l + 22. Let q = l - a. What is the units digit of q?
6
Let o(t) = 141*t - 15. What is the tens digit of o(10)?
9
Let j be ((-292)/(-8))/((-1)/(-10)). Suppose -2*g = -7*g + j. What is the tens digit of g?
7
Let q be -1 + 1*-6*-1. Suppose -3*t - 12 = 0, -4*g = -2*t - q - 27. What is the units digit of g?
6
What is the units digit of 5/80*8*1250?
5
Let g(s) = -4*s**3 + 10*s**2 - s + 6. Let q(a) = -a**3 - a**2 + a - 1. Let r(p) = g(p) - 5*q(p). What is the tens digit of r(-15)?
0
Let b(j) = 2*j**2 + 9*j - 4. Let m(h) = h**3 - 15*h**2 + 13*h + 2. Let a be m(14). What is the units digit of b(a)?
6
Let w = -280 - -706. What is the hundreds digit of w?
4
Let w(d) be the second derivative of 2*d + 1/3*d**3 + 7/12*d**4 + 5/2*d**2 - 1/20*d**5 + 0. What is the tens digit of w(7)?
1
Let a(r) be the second derivative of -1/20*r**5 + 0 + 1/3*r**3 + 4*r + 4*r**2 - 1/12*r**4. What is the units digit of a(0)?
8
What is the hundreds digit of (3306/4)/(9/6)?
5
Suppose 3*n - 9542 = v - 3490, -5*v + 10100 = 5*n. What is the thousands digit of n?
2
Let a = 1435 - 36. What is the thousands digit of a?
1
Suppose -p + 4*c + 1458 = 0, -c = -2*p + 2*c + 2911. What is the units digit of p?
4
Let f = 54 + -36. Suppose -5*q + 23 = k, -2*q - q - 2*k = -f. Suppose j + q*j - 20 = 0. What is the units digit of j?
4
Let x = 5 - 0. Suppose x = 2*i - 7. What is the units digit of (4/i)/(4/108)?
8
Let k(q) = 20*q + 15*q + 16*q**3 - 34*q. Let a be k(-1). Let b = 68 + a. What is the tens digit of b?
5
Suppose m - 6*m = -5*b + 920, 0 = -5*b + 2*m + 917. Suppose q + 5*t = b, 3*q + t = 2*t + 517. What is the hundreds digit of q?
1
Suppose -2505 = -5*n + 995. Let t = -451 + n. What is the hundreds digit of t?
2
Suppose -2*x + 3*b = 9, b = -3*x + 1 + 2. Suppose -396 = -6*j - x*j. What is the units digit of j?
6
Suppose 3*v = -o - 3*o + 873, 849 = 3*v - 4*o. What is the tens digit of v?
8
Suppose 0*l - 4*j = -l + 39, -2*l - 3*j = -78. What is the units digit of (-1237)/(-13) + (-6)/l?
5
Let d = 1453 + -221. What is the tens digit of d?
3
Let p = 11 - 6. Suppose 6*j - p*j = 17. What is the tens digit of j?
1
Let j(d) = -4*d**2 - 2*d + 1. Let u be j(1). Let a = -10 - u. What is the units digit of (-2)/a + (-6)/(-10)?
1
Let x(q) = -19*q + 15. Let p be x(3). What is the tens digit of -7 + (-282)/p - 219/(-7)?
3
Suppose -3892 = -8*w + 7892. Suppose 0 = 9*n - w - 363. What is the tens digit of n?
0
Let v = -106 - -23. Let w = v + 121. What is the tens digit of w?
3
Suppose 2*c = -11 - 11. Let h = -5 - c. Suppose h*w + 200 = 11*w. What is the units digit of w?
0
Suppose -71433 = -38*d - 12495. What is the hundreds digit of d?
5
Let c(d) = d**2 + d - 3. What is the tens digit of c(-14)?
7
Suppose 0 = -a - 4 + 1. What is the units digit of (-873)/(-7) - (46/(-14) - a)?
5
Let d(p) = 5*p + 7. Let h be d(-3). Let u = -5 - h. What is the tens digit of -1 - -34 - (u - 2)?
3
Let i = 1811 + 1547. What is the tens digit of i?
5
Suppose k = -5*c + 16, -3*k - c - 4*c + 88 = 0. Suppose 4*v + 2*f - 198 = -k, -4*v = -3*f - 137. What is the units digit of v?
8
Suppose -20*x + 570 = -15*x. Suppose 3*o - x - 534 = 0. What is the tens digit of o?
1
Let f(r) = -237*r**3 + 3*r**2 - 3*r + 1. Let x be f(1). Let n = -164 - x. What is the tens digit of n?
7
Suppose -13*t = -4247 - 1083. What is the units digit of t?
0
Suppose 11*u = 20*u - 576. Let x = 0 + 0. Suppose x = -2*v - 2*v + u. What is the tens digit of v?
1
Suppose 3*t = 2*o - 4, -2*t + 23 = 2*t + 3*o. Suppose -3*z + 119 = 14*z. Suppose t*x + 110 = z*x. What is the units digit of x?
2
What is the units digit of 15/(-3) + 222/3?
9
Suppose 8*i - 6 = 7*i. Suppose -4*b = -3*b - i. What is the units digit of b?
6
Let g = 988 - 480. What is the tens digit of g?
0
Let r(p) = -37*p + 114. What is the tens digit of r(-11)?
2
Let u = 8 + -18. Let q be u/((-2)/(3/3)). Suppose -2*c + 72 = q*t, -t + 4*c = -11 - 21. What is the units digit of t?
6
Suppose -5*v = 20, v = 2*w + 3*v - 2. Suppose -m = 5*k - 547, -k - w*m + 70 + 49 = 0. What is the units digit of k?
9
Suppose 0 = -0*h - 7*h + 413. Suppose h = 28*y - 27*y. What is the units digit of y?
9
What is the thousands digit of ((-9498)/12)/((-3)/6)?
1
Let l = -35 + 38. Let a = l + 40. What is the units digit of a?
3
Suppose -3*q = -5*p + 812, -3*q - 486 = -7*p + 4*p. What is the units digit of p?
3
Let s be 2*(15/6 + -3). Let o be (-3 + (-2 - 86))/s. What is the tens digit of 6/(-18) - o/(-3)?
3
Suppose -2*i - 441 = -2*o + 245, -1376 = -4*o + 2*i. What is the tens digit of o?
4
Suppose -2*c - 139 = -5*u + 86, -4*u = -5*c - 163. Let r = u + 26. What is the units digit of r?
3
Let p(w) = 9*w**3 + 28*w**2 + 53*w + 21. Let v(h) = -5*h**3 - 14*h**2 - 27*h - 10. Let i(a) = -4*p(a) - 7*v(a). What is the hundreds digit of i(-13)?
1
Suppose 0 = 2*u + 2